**2 - 8*v - 11. Let k(z) = -z**3 + 14*z**2 - 32*z - 2. Let i be k(11). What is c(i)?
-2
Let x = -6 + 8. Suppose 2*w - 5*k - 40 = -3*w, x*w = -3*k + 6. Let n(l) = l. Let r(g) = -2*g. Let q(i) = 5*n(i) + 3*r(i). What is q(w)?
-6
Let a(s) be the second derivative of -s**5/20 + s**4/6 - s**3/6 + 3*s**2 - 331*s. Give a(3).
-6
Let m = 49 + -49. Let x(j) = j - 6. Give x(m).
-6
Let a(y) = -2*y - 2. Suppose 0 = -4*d + 14 - 6. Give a(d).
-6
Let v = 211 + -218. Let w(q) = q**3 + 6*q**2 - 6*q + 6. Determine w(v).
-1
Let u(w) = w**3 - 6*w**2 + 3. Suppose 6*k - 5*k - 15 = 0. Suppose 0 = -3*t - k, t + 14 = 4*l + 3*t. Calculate u(l).
3
Suppose 0 = -i + 6*i. Suppose 11 = 5*s - 0*l + l, -4*l = 5*s + 1. Let m(x) = 3 + x + s*x**2 - 4 - 6 - 2*x**2. Determine m(i).
-7
Let g = -12 + 60. Suppose 2*y = -4*k + 50, 0*k - g = -4*k - 4*y. Let s = -9 + k. Let j(d) = d - 5. Give j(s).
-1
Let t(w) be the first derivative of -3*w**4/2 - 2*w**3/3 + w**2/2 + w + 47. Calculate t(1).
-6
Let g = -234 + 233. Let c(i) = -17*i**2 + 2*i + 1. Give c(g).
-18
Let f(j) = j**3 - 6*j**2 - 2*j + 7. Let b(l) = -l**3 + 6*l**2 + 3*l - 8. Let i(g) = -5*b(g) - 6*f(g). Suppose 14*a = 19*a - 25. Determine i(a).
8
Let s = 206 + -191. Let o(d) = d**3 - 16*d**2 + 14*d + 19. Determine o(s).
4
Suppose -3*p = -13 + 1. Let t(l) = l**3 - 13*l**2 + 8*l**2 + 6 + 3*l - 7. Let m be t(p). Let n(k) = k**3 + 6*k**2 + 3*k - 4. What is n(m)?
6
Let n(t) = -t + 2. Suppose 5*x - 5*a + 40 = 0, -16 = 2*x - 3*a - 3. Calculate n(x).
13
Let u(g) = 2*g - 12. Let w(t) = 4*t - 14. Let c(n) = -5*u(n) + 4*w(n). Determine c(-4).
-20
Let i(c) = 3*c**2 + 3*c - 3. Let q(g) = -5*g**2 - 4*g + 4. Let y(l) = 8*i(l) + 5*q(l). Let x be y(4). Let h(n) = -n + 5. Calculate h(x).
9
Suppose 0 = -6*m + 2*m - 4. Let i(u) = -15*u - 8. Let x(t) = -8*t - 5. Let h(n) = 3*i(n) - 5*x(n). Determine h(m).
6
Let l(n) = 735*n - 3*n**2 - 9 - 5 + 2*n**2 - 726*n. Give l(5).
6
Let a be 20/3*(-36)/(-30). Let x(r) = -r + 3. Let m(j) = j - 4. Let s(t) = 4*m(t) + 3*x(t). Calculate s(a).
1
Let u(n) = 2*n - 3. Suppose 1008*m - 1015*m - 21 = 0. Determine u(m).
-9
Let g(l) = -l**3 + 5*l**2 + l - 6. Let z(v) = v**2 + 19*v - 61. Let w be z(-22). Calculate g(w).
-1
Let l(u) be the first derivative of -5 + 9*u + 1/3*u**3 + 7/2*u**2. What is l(-7)?
9
Let g be (-1)/1 + -1 - -10. Let l = 8 - g. Let v(r) = l*r + 0 + 7 + r + 1. Give v(-6).
2
Let i(w) = -w**2 + 11*w**3 + w**2 - 3 - 10*w**3. Let r be (-6)/(-10) + (-3 - 12/(-5)). Calculate i(r).
-3
Suppose 0*k = -2*k. Let y(r) be the third derivative of -r**5/60 - r**4/24 - 3*r**3 - 726*r**2. Determine y(k).
-18
Let t(z) = z**2 + 5*z - 2. Let h be t(-6). Let r(d) = h*d**2 + d**2 + d + d**3 + 0*d**3 + 3 + 4*d. Determine r(-3).
6
Let j be -7 + 3 + 0 + 1 + -1. Suppose w + o = 3*o, -o + 7 = 3*w. Let r(b) = -6*b**2 - 3*b**w + 4*b**2 + b**2 - b**3 + 6 + 3*b. Give r(j).
-6
Let d(n) = -n**3 + 7*n**2 + n + 11. Let u be d(8). Let q = u - -39. Let w(p) = -p - 5. What is w(q)?
1
Let t(b) be the third derivative of -b**4/24 - b**3/2 - 3*b**2. Let o be t(-5). Let w(h) = 4*h - 3*h + 1 + 3 + o. Determine w(0).
6
Let g(r) = r**2 - 11*r - 10. Let y be (4 + 80/(-15))/2*-18. Calculate g(y).
2
Let f = 0 + -6. Let n(w) = 3*w + 3. Let v(j) = -5*j + 4 + 0 - 5 + 4*j. Let c(q) = f*n(q) - 15*v(q). What is c(-3)?
6
Let l = 12 - 14. Let v(g) = -13*g**2 - g**2 + 11*g**2 - 2*g**3 - 2*g + 1. Determine v(l).
9
Let b(z) = z**3 - z**2 - 3*z - 1. Let o be b(-1). Let l(f) = 4*f - 10*f + o - 3 - f**2 - 3. Calculate l(-6).
-6
Let i(g) = 2*g**3 - 3*g**3 + 11*g**2 - 23 + 124*g - 123*g + 6*g**2. Determine i(17).
-6
Let n(t) = 6*t**3 - 5*t**2 - 1. Let a be n(4). Let w(v) = -303 + a + v. Calculate w(-1).
-1
Let h be (10 + -12)/(2/(-4)). Suppose -c = -6*c - h*x + 29, -2*c = 2*x - 12. Let l(z) = 3*z - 5. Calculate l(c).
10
Let x(r) = r**3 - 2*r - 1. Let p be x(-2). Let y(z) be the first derivative of z**2 - 26 + 1/3*z**3 - 7*z. What is y(p)?
8
Let j(v) = -7*v**2 - 2*v - 1. Suppose -4*a = -5*m + 9*m + 12, 5*m + 2*a = -9. Give j(m).
-6
Let q(f) = 3*f**2. Let a = 134 - 137. Let d be (-14)/21*a/2. Determine q(d).
3
Let a(i) be the third derivative of -i**8/6720 - i**7/420 + i**6/720 + i**5/60 + 5*i**4/24 - i**2. Let w(f) be the second derivative of a(f). Give w(-6).
-4
Suppose -5*m + 16 + 12 = -2*f, -4*m + 20 = -4*f. Let v(q) = 2*q - 7. Calculate v(m).
5
Let r(c) = 5*c**2 + 4*c + 5. Suppose 0 = 9*v - 57 + 75. Determine r(v).
17
Let x be 2 - 0 - 2/1. Let h(c) = 9 + 5604*c - 5605*c - 27. Give h(x).
-18
Suppose 10*p + 30 = 20. Let g(b) = 6*b**3 + 2*b**2 + b. Calculate g(p).
-5
Let r(t) = 3*t - 6. Let v(z) = -2*z + 5. Let p(a) = 3*r(a) + 4*v(a). Let w(q) = q**2 + 18*q - 124. Let b be w(-23). What is p(b)?
-7
Let u(k) = -25*k + 71*k - 29*k + 3 - 2. What is u(-2)?
-33
Let q(x) = -2*x + 1. Let n(w) be the second derivative of -w**3/6 - w**2/2 + 5*w. Let p be n(0). Let r be 0 - 5/(1/p). Calculate q(r).
-9
Let b(i) be the third derivative of -i**5/60 + 5*i**4/24 + i**3/6 - 6*i**2. Let h be b(5). Let y = h - -4. Let r(k) = -k**2 + 8*k - 6. What is r(y)?
9
Let o(r) = r**3 + r - 1. Let c(i) = -i**3 + i**2 - 9*i. Let k(h) = -c(h) - 2*o(h). Calculate k(-3).
-1
Suppose 6*z + 7 - 13 = 0. Let s(c) = 16*c**2 - 5 + 4 - c**2. Give s(z).
14
Let l(n) = -6*n**2 - n. Let z(y) = -7*y - 10. Let b be z(-5). Suppose 0 = -4*o + 29 - b. Calculate l(o).
-7
Let l be (-1 - 3)*((-17)/2 + 6). Let r(b) = 2 - 4 - 9*b + l*b. What is r(7)?
5
Let q be 80/4 - 0/(-1). Suppose q = 5*t - 5*d, -4*t - 2*d + 2 = -t. Let f(n) = -2*n - 3*n**t + 4*n**2 - 4 - 3*n. What is f(6)?
2
Let r(j) be the second derivative of j**4/6 - 2*j**3/3 + 79*j. Give r(3).
6
Let k = -41 - -45. Suppose -k*g - 16 = -20. Let n(x) = 4*x + 1. Give n(g).
5
Let u(l) = l**3 - 8*l**2 + 6*l + 14. Let j be u(7). Let g(a) = 25*a - 32. Let o(r) = -9*r + 11. Let c(v) = 4*g(v) + 11*o(v). Give c(j).
0
Let l(q) be the first derivative of 2*q**4 + q**3/3 + 5. Give l(-1).
-7
Let w(d) be the first derivative of -2*d**3/3 - d**2 + 2*d + 93. Determine w(0).
2
Let n(i) be the first derivative of i**3/3 + 7*i**2/2 + 7*i + 84. Give n(-7).
7
Let x(t) = -249 - 2*t + 0*t + 245. Determine x(-6).
8
Let j(i) = i - 2 + 3*i**2 - 1 + 3. Let u = 19 + 15. Let n = u + -33. Calculate j(n).
4
Let k(v) be the first derivative of 5/2*v**2 - 15 + 3*v. Calculate k(-2).
-7
Let u(x) = x. Let o(d) = -d**2 - 3*d - 6. Let n(y) = o(y) - 5*u(y). Let t = -2500 + 2494. What is n(t)?
6
Let a(h) = 19 + 2*h**2 - 34*h + 2*h**3 - 18 + 34*h. Let t be (3 + -2)/(2/(-4)). Calculate a(t).
-7
Let l(v) = 32*v - 193. Let h be l(6). Let a(t) be the second derivative of -2*t**4/3 + t**2/2 + t. Determine a(h).
-7
Let b = 7 + -3. Let i(s) = -52*s**2 + 65*s - 8. Let f(h) = -7*h**2 + 9*h - 1. Let l(z) = -15*f(z) + 2*i(z). What is l(b)?
-5
Let c(b) = -5*b**3 - 15*b**2 + 2*b + 33. Let z(d) = 2*d**3 + 8*d**2 - 2*d - 16. Let u(v) = -3*c(v) - 7*z(v). Determine u(10).
-7
Suppose 3*t - 93 = 3*b - 0*b, -4*b - 20 = 0. Let x = t + -27. Let v be x*4/(5 + -1). Let h(s) = -18*s**2 - s - 1. Give h(v).
-18
Suppose -k = 5*h - 5 + 22, 4*k = h - 5. Let t be 7*(k + -2)*3/12. Let n(r) = r**3 + 8*r**2 + 5*r + 5. What is n(t)?
19
Let a(m) = -m**3 - 4*m**2 + 2. Let f be a(-4). Let y(x) = -10*x - 3*x**f + 4 + 2*x + 2*x**2 + 0. Give y(-7).
11
Let d = -393 - -397. Let r(y) = -y**3 - 4*y + 6 + 0*y**2 + 0*y**2 + y**2 + 4*y**2. Calculate r(d).
6
Let y be (-4*6/(-40))/((-1)/(-15)). Let v(p) = -p**3 + 4*p + y - 18*p**2 + 12*p**2 + 0*p + 4*p. Calculate v(-7).
2
Let m(f) = 6*f + 2. Let t be ((-15)/(-9))/((-6)/18). Determine m(t).
-28
Suppose 6*d - 3 = 3*d. Let j(t) = t**3 + 5*t**2 - t - 3. Let z = 37 + -38. Let b(n) = -n**3 + n**2 - 1. Let m(y) = z*j(y) + 4*b(y). What is m(d)?
-6
Let u be (4 - -1)*120/(-25)*-4. Let d(o) = -u - 2*o + 95 + 5*o. Give d(4).
11
Let o(g) be the first derivative of g**4/4 - 5*g**3/3 + 5*g**2/2 - 31. What is o(5)?
25
Let l(g) = g**3 - 2*g**2 + 2*g. Suppose -24 = 5*v - 104. Let c(y) = y**3 - 15*y**2 - 15*y - 13. Let b be c(v). What is l(b)?
15
Let h = 16 + 3. Let v(f) = 2 + 1 + 0 + h*f - 2. Determine v(-1).
-18
Let i(r) be the second derivative of r**2 - 1/2*r**3 + 0 + 1/12*r**4 - 5*r. Suppose -15 = -4*d + d. Give i(d).
12
Let m(v) = v**2 + 4*v - 1. Let q be m(-4). Let n be (1/3)/(q/(-3)). Let p(z) = 1 + 4*z**2 + 10*z**